{"id":252,"date":"2019-03-07T17:48:22","date_gmt":"2019-03-07T16:48:22","guid":{"rendered":"http:\/\/amelieblanc.fr\/?post_type=jetpack-portfolio&#038;p=252"},"modified":"2021-11-26T13:11:24","modified_gmt":"2021-11-26T12:11:24","slug":"mirages-fuyants","status":"publish","type":"jetpack-portfolio","link":"https:\/\/amelieblanc.fr\/index.php\/portfolio\/mirages-fuyants\/","title":{"rendered":"Mirages fuyants_Entrevoir(s)"},"content":{"rendered":"\n<p class=\"has-small-font-size\">Diptyque vid\u00e9o, projection sur mur blanc, 2015 (Entrevoir(s), 2017)<\/p>\n\n\n\n<p><em><strong>Mirages fuyants I.<\/strong><\/em><\/p>\n\n\n\n<figure><iframe loading=\"lazy\" src=\"https:\/\/player.vimeo.com\/video\/204695465?h=977d753050\" width=\"640\" height=\"360\" allowfullscreen=\"\"><\/iframe><\/figure>\n\n\n\n<p><em><strong>Mirages fuyants II. <\/strong><\/em><\/p>\n\n\n\n<figure><iframe loading=\"lazy\" src=\"https:\/\/player.vimeo.com\/video\/213209475?h=5424d25eff\" width=\"640\" height=\"360\" allowfullscreen=\"\"><\/iframe><\/figure>\n\n\n\n<p class=\"has-text-align-right\"><\/p>\n\n\n\n<p><\/p>\n\n\n\n<p class=\"has-small-font-size\">Captures d&#8217;\u00e9cran extraites de <em>Mirages Fuyants I.<\/em><\/p>\n\n\n\n<div class=\"wp-block-image\"><figure class=\"alignright is-resized\"><img loading=\"lazy\" src=\"http:\/\/amelieblanc.fr\/wp-content\/uploads\/2019\/03\/Capture-d\u2019e\u0301cran-2018-02-21-a\u0300-16.19.13-1024x577.png\" alt=\"\" class=\"wp-image-256\" width=\"379\" height=\"214\" srcset=\"https:\/\/amelieblanc.fr\/wp-content\/uploads\/2019\/03\/Capture-d\u2019e\u0301cran-2018-02-21-a\u0300-16.19.13-1024x577.png 1024w, https:\/\/amelieblanc.fr\/wp-content\/uploads\/2019\/03\/Capture-d\u2019e\u0301cran-2018-02-21-a\u0300-16.19.13-300x169.png 300w, https:\/\/amelieblanc.fr\/wp-content\/uploads\/2019\/03\/Capture-d\u2019e\u0301cran-2018-02-21-a\u0300-16.19.13-768x433.png 768w, https:\/\/amelieblanc.fr\/wp-content\/uploads\/2019\/03\/Capture-d\u2019e\u0301cran-2018-02-21-a\u0300-16.19.13-880x496.png 880w, https:\/\/amelieblanc.fr\/wp-content\/uploads\/2019\/03\/Capture-d\u2019e\u0301cran-2018-02-21-a\u0300-16.19.13-220x124.png 220w, https:\/\/amelieblanc.fr\/wp-content\/uploads\/2019\/03\/Capture-d\u2019e\u0301cran-2018-02-21-a\u0300-16.19.13.png 1590w\" sizes=\"(max-width: 379px) 100vw, 379px\" \/><\/figure><\/div>\n\n\n\n<div class=\"wp-block-image\"><figure class=\"alignright is-resized\"><img loading=\"lazy\" src=\"http:\/\/amelieblanc.fr\/wp-content\/uploads\/2019\/03\/Capture-d\u2019e\u0301cran-2018-02-21-a\u0300-16.19.25-1024x576.png\" alt=\"\" class=\"wp-image-257\" width=\"378\" height=\"212\" srcset=\"https:\/\/amelieblanc.fr\/wp-content\/uploads\/2019\/03\/Capture-d\u2019e\u0301cran-2018-02-21-a\u0300-16.19.25-1024x576.png 1024w, https:\/\/amelieblanc.fr\/wp-content\/uploads\/2019\/03\/Capture-d\u2019e\u0301cran-2018-02-21-a\u0300-16.19.25-300x169.png 300w, https:\/\/amelieblanc.fr\/wp-content\/uploads\/2019\/03\/Capture-d\u2019e\u0301cran-2018-02-21-a\u0300-16.19.25-768x432.png 768w, https:\/\/amelieblanc.fr\/wp-content\/uploads\/2019\/03\/Capture-d\u2019e\u0301cran-2018-02-21-a\u0300-16.19.25-880x495.png 880w, https:\/\/amelieblanc.fr\/wp-content\/uploads\/2019\/03\/Capture-d\u2019e\u0301cran-2018-02-21-a\u0300-16.19.25-220x124.png 220w, https:\/\/amelieblanc.fr\/wp-content\/uploads\/2019\/03\/Capture-d\u2019e\u0301cran-2018-02-21-a\u0300-16.19.25.png 1590w\" sizes=\"(max-width: 378px) 100vw, 378px\" \/><\/figure><\/div>\n\n\n\n\n\n<div class=\"wp-block-image\"><figure class=\"alignright is-resized\"><img loading=\"lazy\" src=\"http:\/\/amelieblanc.fr\/wp-content\/uploads\/2021\/10\/Capture-d\u2019e\u0301cran-2018-02-21-a\u0300-16.21.00-1024x574-1024x574.png\" alt=\"\" class=\"wp-image-649\" width=\"361\" height=\"202\" srcset=\"https:\/\/amelieblanc.fr\/wp-content\/uploads\/2021\/10\/Capture-d\u2019e\u0301cran-2018-02-21-a\u0300-16.21.00-1024x574.png 1024w, https:\/\/amelieblanc.fr\/wp-content\/uploads\/2021\/10\/Capture-d\u2019e\u0301cran-2018-02-21-a\u0300-16.21.00-1024x574-300x168.png 300w, https:\/\/amelieblanc.fr\/wp-content\/uploads\/2021\/10\/Capture-d\u2019e\u0301cran-2018-02-21-a\u0300-16.21.00-1024x574-768x431.png 768w, https:\/\/amelieblanc.fr\/wp-content\/uploads\/2021\/10\/Capture-d\u2019e\u0301cran-2018-02-21-a\u0300-16.21.00-1024x574-880x493.png 880w, https:\/\/amelieblanc.fr\/wp-content\/uploads\/2021\/10\/Capture-d\u2019e\u0301cran-2018-02-21-a\u0300-16.21.00-1024x574-220x123.png 220w\" sizes=\"(max-width: 361px) 100vw, 361px\" \/><\/figure><\/div>\n\n\n\n<div class=\"wp-block-image\"><figure class=\"alignright is-resized\"><img loading=\"lazy\" src=\"http:\/\/amelieblanc.fr\/wp-content\/uploads\/2021\/10\/Capture-d\u2019e\u0301cran-2018-02-21-a\u0300-16.20.23-1024x575-2-1024x575.png\" alt=\"\" class=\"wp-image-652\" width=\"361\" height=\"202\" srcset=\"https:\/\/amelieblanc.fr\/wp-content\/uploads\/2021\/10\/Capture-d\u2019e\u0301cran-2018-02-21-a\u0300-16.20.23-1024x575-2.png 1024w, https:\/\/amelieblanc.fr\/wp-content\/uploads\/2021\/10\/Capture-d\u2019e\u0301cran-2018-02-21-a\u0300-16.20.23-1024x575-2-300x168.png 300w, https:\/\/amelieblanc.fr\/wp-content\/uploads\/2021\/10\/Capture-d\u2019e\u0301cran-2018-02-21-a\u0300-16.20.23-1024x575-2-768x431.png 768w, https:\/\/amelieblanc.fr\/wp-content\/uploads\/2021\/10\/Capture-d\u2019e\u0301cran-2018-02-21-a\u0300-16.20.23-1024x575-2-880x494.png 880w, https:\/\/amelieblanc.fr\/wp-content\/uploads\/2021\/10\/Capture-d\u2019e\u0301cran-2018-02-21-a\u0300-16.20.23-1024x575-2-220x124.png 220w\" sizes=\"(max-width: 361px) 100vw, 361px\" \/><\/figure><\/div>\n\n\n\n<p><\/p>\n\n\n\n<figure class=\"wp-block-image\"><img alt=\"\"\/><\/figure>\n\n\n\n<p class=\"has-small-font-size\">Au fond \u00e0 droite: vue de la projection <em>Mirages Fuyants I.<\/em> photo: \u00a9Sara Szabo<br>Galerie Arena<\/p>\n\n\n\n<figure class=\"wp-block-image size-full is-style-default\"><img loading=\"lazy\" width=\"2560\" height=\"1696\" src=\"http:\/\/amelieblanc.fr\/wp-content\/uploads\/2021\/11\/L1001120-scaled.jpg\" alt=\"\" class=\"wp-image-889\" srcset=\"https:\/\/amelieblanc.fr\/wp-content\/uploads\/2021\/11\/L1001120-scaled.jpg 2560w, https:\/\/amelieblanc.fr\/wp-content\/uploads\/2021\/11\/L1001120-300x199.jpg 300w, https:\/\/amelieblanc.fr\/wp-content\/uploads\/2021\/11\/L1001120-1024x678.jpg 1024w, https:\/\/amelieblanc.fr\/wp-content\/uploads\/2021\/11\/L1001120-768x509.jpg 768w, https:\/\/amelieblanc.fr\/wp-content\/uploads\/2021\/11\/L1001120-1536x1017.jpg 1536w, https:\/\/amelieblanc.fr\/wp-content\/uploads\/2021\/11\/L1001120-2048x1356.jpg 2048w, https:\/\/amelieblanc.fr\/wp-content\/uploads\/2021\/11\/L1001120-880x583.jpg 880w, https:\/\/amelieblanc.fr\/wp-content\/uploads\/2021\/11\/L1001120-220x146.jpg 220w\" sizes=\"(max-width: 2560px) 100vw, 2560px\" \/><\/figure>\n\n\n\n<figure class=\"wp-block-image size-full is-style-default\"><img loading=\"lazy\" width=\"2560\" height=\"1696\" src=\"http:\/\/amelieblanc.fr\/wp-content\/uploads\/2021\/11\/L1001129-scaled.jpg\" alt=\"\" class=\"wp-image-890\" srcset=\"https:\/\/amelieblanc.fr\/wp-content\/uploads\/2021\/11\/L1001129-scaled.jpg 2560w, https:\/\/amelieblanc.fr\/wp-content\/uploads\/2021\/11\/L1001129-300x199.jpg 300w, https:\/\/amelieblanc.fr\/wp-content\/uploads\/2021\/11\/L1001129-1024x678.jpg 1024w, https:\/\/amelieblanc.fr\/wp-content\/uploads\/2021\/11\/L1001129-768x509.jpg 768w, https:\/\/amelieblanc.fr\/wp-content\/uploads\/2021\/11\/L1001129-1536x1017.jpg 1536w, https:\/\/amelieblanc.fr\/wp-content\/uploads\/2021\/11\/L1001129-2048x1356.jpg 2048w, https:\/\/amelieblanc.fr\/wp-content\/uploads\/2021\/11\/L1001129-880x583.jpg 880w, https:\/\/amelieblanc.fr\/wp-content\/uploads\/2021\/11\/L1001129-220x146.jpg 220w\" sizes=\"(max-width: 2560px) 100vw, 2560px\" \/><\/figure>\n\n\n\n<p class=\"has-text-align-center has-small-font-size\">Photographie de la projection de <em>Mirages Fuyants II. <\/em>dans la Galerie Agn\u00e8s b. en 2018<\/p>\n\n\n\n<div class=\"wp-block-image\"><figure class=\"aligncenter is-resized\"><img loading=\"lazy\" src=\"http:\/\/amelieblanc.fr\/wp-content\/uploads\/2021\/10\/P4060996-4.jpg\" alt=\"\" class=\"wp-image-660\" width=\"513\" height=\"769\" srcset=\"https:\/\/amelieblanc.fr\/wp-content\/uploads\/2021\/10\/P4060996-4.jpg 667w, https:\/\/amelieblanc.fr\/wp-content\/uploads\/2021\/10\/P4060996-4-200x300.jpg 200w, https:\/\/amelieblanc.fr\/wp-content\/uploads\/2021\/10\/P4060996-4-220x330.jpg 220w\" sizes=\"(max-width: 513px) 100vw, 513px\" \/><\/figure><\/div>\n","protected":false},"excerpt":{"rendered":"<p>Diptyque vid\u00e9o, projection sur mur blanc, 2015 (Entrevoir(s), 2017) Mirages fuyants I. Mirages fuyants II. Captures d&#8217;\u00e9cran extraites de Mirages Fuyants I. Au fond \u00e0 droite: vue de la projection Mirages Fuyants I. photo: \u00a9Sara SzaboGalerie Arena Photographie de la projection de Mirages Fuyants II. dans la Galerie Agn\u00e8s b. en 2018<\/p>\n","protected":false},"author":1,"featured_media":262,"comment_status":"open","ping_status":"closed","template":"","meta":{"sharing_disabled":false,"spay_email":"","jetpack_publicize_message":""},"jetpack-portfolio-type":[],"jetpack-portfolio-tag":[],"jetpack_publicize_connections":[],"_links":{"self":[{"href":"https:\/\/amelieblanc.fr\/index.php\/wp-json\/wp\/v2\/jetpack-portfolio\/252"}],"collection":[{"href":"https:\/\/amelieblanc.fr\/index.php\/wp-json\/wp\/v2\/jetpack-portfolio"}],"about":[{"href":"https:\/\/amelieblanc.fr\/index.php\/wp-json\/wp\/v2\/types\/jetpack-portfolio"}],"author":[{"embeddable":true,"href":"https:\/\/amelieblanc.fr\/index.php\/wp-json\/wp\/v2\/users\/1"}],"replies":[{"embeddable":true,"href":"https:\/\/amelieblanc.fr\/index.php\/wp-json\/wp\/v2\/comments?post=252"}],"version-history":[{"count":19,"href":"https:\/\/amelieblanc.fr\/index.php\/wp-json\/wp\/v2\/jetpack-portfolio\/252\/revisions"}],"predecessor-version":[{"id":895,"href":"https:\/\/amelieblanc.fr\/index.php\/wp-json\/wp\/v2\/jetpack-portfolio\/252\/revisions\/895"}],"wp:featuredmedia":[{"embeddable":true,"href":"https:\/\/amelieblanc.fr\/index.php\/wp-json\/wp\/v2\/media\/262"}],"wp:attachment":[{"href":"https:\/\/amelieblanc.fr\/index.php\/wp-json\/wp\/v2\/media?parent=252"}],"wp:term":[{"taxonomy":"jetpack-portfolio-type","embeddable":true,"href":"https:\/\/amelieblanc.fr\/index.php\/wp-json\/wp\/v2\/jetpack-portfolio-type?post=252"},{"taxonomy":"jetpack-portfolio-tag","embeddable":true,"href":"https:\/\/amelieblanc.fr\/index.php\/wp-json\/wp\/v2\/jetpack-portfolio-tag?post=252"}],"curies":[{"name":"wp","href":"https:\/\/api.w.org\/{rel}","templated":true}]}}

<p class="has-small-font-size">Diptyque vidéo, projection sur mur blanc, 2015 (Entrevoir(s), 2017)</p>



<p><em><strong>Mirages fuyants I.</strong></em></p>



<figure><iframe loading="lazy" src="https://player.vimeo.com/video/204695465?h=977d753050" width="640" height="360" allowfullscreen=""></iframe></figure>



<p><em><strong>Mirages fuyants II. </strong></em></p>



<figure><iframe loading="lazy" src="https://player.vimeo.com/video/213209475?h=5424d25eff" width="640" height="360" allowfullscreen=""></iframe></figure>



<p class="has-text-align-right"></p>



<p></p>



<p class="has-small-font-size">Captures d&#8217;écran extraites de <em>Mirages Fuyants I.</em></p>



<div class="wp-block-image"><figure class="alignright is-resized"><img loading="lazy" src="http://amelieblanc.fr/wp-content/uploads/2019/03/Capture-d’écran-2018-02-21-à-16.19.13-1024x577.png" alt="" class="wp-image-256" width="379" height="214" srcset="https://amelieblanc.fr/wp-content/uploads/2019/03/Capture-d’écran-2018-02-21-à-16.19.13-1024x577.png 1024w, https://amelieblanc.fr/wp-content/uploads/2019/03/Capture-d’écran-2018-02-21-à-16.19.13-300x169.png 300w, https://amelieblanc.fr/wp-content/uploads/2019/03/Capture-d’écran-2018-02-21-à-16.19.13-768x433.png 768w, https://amelieblanc.fr/wp-content/uploads/2019/03/Capture-d’écran-2018-02-21-à-16.19.13-880x496.png 880w, https://amelieblanc.fr/wp-content/uploads/2019/03/Capture-d’écran-2018-02-21-à-16.19.13-220x124.png 220w, https://amelieblanc.fr/wp-content/uploads/2019/03/Capture-d’écran-2018-02-21-à-16.19.13.png 1590w" sizes="(max-width: 379px) 100vw, 379px" /></figure></div>



<div class="wp-block-image"><figure class="alignright is-resized"><img loading="lazy" src="http://amelieblanc.fr/wp-content/uploads/2019/03/Capture-d’écran-2018-02-21-à-16.19.25-1024x576.png" alt="" class="wp-image-257" width="378" height="212" srcset="https://amelieblanc.fr/wp-content/uploads/2019/03/Capture-d’écran-2018-02-21-à-16.19.25-1024x576.png 1024w, https://amelieblanc.fr/wp-content/uploads/2019/03/Capture-d’écran-2018-02-21-à-16.19.25-300x169.png 300w, https://amelieblanc.fr/wp-content/uploads/2019/03/Capture-d’écran-2018-02-21-à-16.19.25-768x432.png 768w, https://amelieblanc.fr/wp-content/uploads/2019/03/Capture-d’écran-2018-02-21-à-16.19.25-880x495.png 880w, https://amelieblanc.fr/wp-content/uploads/2019/03/Capture-d’écran-2018-02-21-à-16.19.25-220x124.png 220w, https://amelieblanc.fr/wp-content/uploads/2019/03/Capture-d’écran-2018-02-21-à-16.19.25.png 1590w" sizes="(max-width: 378px) 100vw, 378px" /></figure></div>





<div class="wp-block-image"><figure class="alignright is-resized"><img loading="lazy" src="http://amelieblanc.fr/wp-content/uploads/2021/10/Capture-d’écran-2018-02-21-à-16.21.00-1024x574-1024x574.png" alt="" class="wp-image-649" width="361" height="202" srcset="https://amelieblanc.fr/wp-content/uploads/2021/10/Capture-d’écran-2018-02-21-à-16.21.00-1024x574.png 1024w, https://amelieblanc.fr/wp-content/uploads/2021/10/Capture-d’écran-2018-02-21-à-16.21.00-1024x574-300x168.png 300w, https://amelieblanc.fr/wp-content/uploads/2021/10/Capture-d’écran-2018-02-21-à-16.21.00-1024x574-768x431.png 768w, https://amelieblanc.fr/wp-content/uploads/2021/10/Capture-d’écran-2018-02-21-à-16.21.00-1024x574-880x493.png 880w, https://amelieblanc.fr/wp-content/uploads/2021/10/Capture-d’écran-2018-02-21-à-16.21.00-1024x574-220x123.png 220w" sizes="(max-width: 361px) 100vw, 361px" /></figure></div>



<div class="wp-block-image"><figure class="alignright is-resized"><img loading="lazy" src="http://amelieblanc.fr/wp-content/uploads/2021/10/Capture-d’écran-2018-02-21-à-16.20.23-1024x575-2-1024x575.png" alt="" class="wp-image-652" width="361" height="202" srcset="https://amelieblanc.fr/wp-content/uploads/2021/10/Capture-d’écran-2018-02-21-à-16.20.23-1024x575-2.png 1024w, https://amelieblanc.fr/wp-content/uploads/2021/10/Capture-d’écran-2018-02-21-à-16.20.23-1024x575-2-300x168.png 300w, https://amelieblanc.fr/wp-content/uploads/2021/10/Capture-d’écran-2018-02-21-à-16.20.23-1024x575-2-768x431.png 768w, https://amelieblanc.fr/wp-content/uploads/2021/10/Capture-d’écran-2018-02-21-à-16.20.23-1024x575-2-880x494.png 880w, https://amelieblanc.fr/wp-content/uploads/2021/10/Capture-d’écran-2018-02-21-à-16.20.23-1024x575-2-220x124.png 220w" sizes="(max-width: 361px) 100vw, 361px" /></figure></div>



<p></p>



<figure class="wp-block-image"><img alt=""/></figure>



<p class="has-small-font-size">Au fond à droite: vue de la projection <em>Mirages Fuyants I.</em> photo: ©Sara Szabo<br>Galerie Arena</p>



<figure class="wp-block-image size-full is-style-default"><img loading="lazy" width="2560" height="1696" src="http://amelieblanc.fr/wp-content/uploads/2021/11/L1001120-scaled.jpg" alt="" class="wp-image-889" srcset="https://amelieblanc.fr/wp-content/uploads/2021/11/L1001120-scaled.jpg 2560w, https://amelieblanc.fr/wp-content/uploads/2021/11/L1001120-300x199.jpg 300w, https://amelieblanc.fr/wp-content/uploads/2021/11/L1001120-1024x678.jpg 1024w, https://amelieblanc.fr/wp-content/uploads/2021/11/L1001120-768x509.jpg 768w, https://amelieblanc.fr/wp-content/uploads/2021/11/L1001120-1536x1017.jpg 1536w, https://amelieblanc.fr/wp-content/uploads/2021/11/L1001120-2048x1356.jpg 2048w, https://amelieblanc.fr/wp-content/uploads/2021/11/L1001120-880x583.jpg 880w, https://amelieblanc.fr/wp-content/uploads/2021/11/L1001120-220x146.jpg 220w" sizes="(max-width: 2560px) 100vw, 2560px" /></figure>



<figure class="wp-block-image size-full is-style-default"><img loading="lazy" width="2560" height="1696" src="http://amelieblanc.fr/wp-content/uploads/2021/11/L1001129-scaled.jpg" alt="" class="wp-image-890" srcset="https://amelieblanc.fr/wp-content/uploads/2021/11/L1001129-scaled.jpg 2560w, https://amelieblanc.fr/wp-content/uploads/2021/11/L1001129-300x199.jpg 300w, https://amelieblanc.fr/wp-content/uploads/2021/11/L1001129-1024x678.jpg 1024w, https://amelieblanc.fr/wp-content/uploads/2021/11/L1001129-768x509.jpg 768w, https://amelieblanc.fr/wp-content/uploads/2021/11/L1001129-1536x1017.jpg 1536w, https://amelieblanc.fr/wp-content/uploads/2021/11/L1001129-2048x1356.jpg 2048w, https://amelieblanc.fr/wp-content/uploads/2021/11/L1001129-880x583.jpg 880w, https://amelieblanc.fr/wp-content/uploads/2021/11/L1001129-220x146.jpg 220w" sizes="(max-width: 2560px) 100vw, 2560px" /></figure>



<p class="has-text-align-center has-small-font-size">Photographie de la projection de <em>Mirages Fuyants II. </em>dans la Galerie Agnès b. en 2018</p>



<div class="wp-block-image"><figure class="aligncenter is-resized"><img loading="lazy" src="http://amelieblanc.fr/wp-content/uploads/2021/10/P4060996-4.jpg" alt="" class="wp-image-660" width="513" height="769" srcset="https://amelieblanc.fr/wp-content/uploads/2021/10/P4060996-4.jpg 667w, https://amelieblanc.fr/wp-content/uploads/2021/10/P4060996-4-200x300.jpg 200w, https://amelieblanc.fr/wp-content/uploads/2021/10/P4060996-4-220x330.jpg 220w" sizes="(max-width: 513px) 100vw, 513px" /></figure></div>

<p>Diptyque vidéo, projection sur mur blanc, 2015 (Entrevoir(s), 2017) Mirages fuyants I. Mirages fuyants II. Captures d&#8217;écran extraites de Mirages Fuyants I. Au fond à droite: vue de la projection Mirages Fuyants I. photo: ©Sara SzaboGalerie Arena Photographie de la projection de Mirages Fuyants II. dans la Galerie Agnès b. en 2018</p>
